s the units digit of 1990?
0
What is the tens digit of 2190?
9
What is the hundreds digit of 2188?
1
What is the hundreds digit of 22495?
4
What is the tens digit of 1096?
9
What is the ten thousands digit of 30119?
3
What is the units digit of 68913?
3
What is the thousands digit of 48034?
8
What is the hundreds digit of 2570?
5
What is the tens digit of 830?
3
What is the tens digit of 60191?
9
What is the thousands digit of 3898?
3
What is the tens digit of 38?
3
What is the tens digit of 1554?
5
What is the units digit of 27415?
5
What is the tens digit of 4103?
0
What is the units digit of 1612?
2
What is the hundreds digit of 1064?
0
What is the thousands digit of 1442?
1
What is the hundreds digit of 1473?
4
What is the hundreds digit of 3076?
0
What is the thousands digit of 3850?
3
What is the units digit of 1545?
5
What is the tens digit of 1171?
7
What is the hundreds digit of 18119?
1
What is the thousands digit of 1409?
1
What is the hundreds digit of 27789?
7
What is the units digit of 672?
2
What is the hundreds digit of 50061?
0
What is the thousands digit of 1547?
1
What is the tens digit of 28439?
3
What is the hundreds digit of 4152?
1
What is the hundreds digit of 7385?
3
What is the units digit of 35?
5
What is the ten thousands digit of 10548?
1
What is the hundreds digit of 236?
2
What is the units digit of 10808?
8
What is the units digit of 566?
6
What is the thousands digit of 7962?
7
What is the thousands digit of 9785?
9
What is the units digit of 1865?
5
What is the units digit of 119791?
1
What is the thousands digit of 4589?
4
What is the ten thousands digit of 11015?
1
What is the hundreds digit of 101303?
3
What is the thousands digit of 2741?
2
What is the tens digit of 229?
2
What is the tens digit of 36027?
2
What is the tens digit of 3327?
2
What is the units digit of 1121?
1
What is the hundreds digit of 2313?
3
What is the thousands digit of 1211?
1
What is the units digit of 12874?
4
What is the tens digit of 9392?
9
What is the hundreds digit of 150?
1
What is the hundreds digit of 79120?
1
What is the units digit of 502?
2
What is the tens digit of 63?
6
What is the hundreds digit of 2535?
5
What is the units digit of 31066?
6
What is the hundreds digit of 4280?
2
What is the hundreds digit of 8325?
3
What is the units digit of 3948?
8
What is the thousands digit of 15019?
5
What is the hundreds digit of 1183?
1
What is the tens digit of 14216?
1
What is the units digit of 7155?
5
What is the tens digit of 22347?
4
What is the hundreds digit of 1876?
8
What is the thousands digit of 57168?
7
What is the tens digit of 1391?
9
What is the tens digit of 328?
2
What is the units digit of 998?
8
What is the units digit of 2276?
6
What is the tens digit of 139?
3
What is the hundreds digit of 4299?
2
What is the tens digit of 1887?
8
What is the units digit of 2880?
0
What is the units digit of 26?
6
What is the ten thousands digit of 33485?
3
What is the units digit of 2678?
8
What is the tens digit of 6269?
6
What is the hundreds digit of 1083?
0
What is the units digit of 3919?
9
What is the hundreds digit of 6152?
1
What is the tens digit of 1535?
3
What is the tens digit of 43819?
1
What is the units digit of 168?
8
What is the ten thousands digit of 20149?
2
What is the ten thousands digit of 48270?
4
What is the tens digit of 188858?
5
What is the units digit of 11982?
2
What is the units digit of 1448?
8
What is the hundreds digit of 774?
7
What is the tens digit of 217?
1
What is the tens digit of 107132?
3
What is the tens digit of 64859?
5
What is the tens digit of 4246?
4
What is the units digit of 3065?
5
What is the thousands digit of 88621?
8
What is the tens digit of 7120?
2
What is the units digit of 1765?
5
What is the hundreds digit of 1938?
9
What is the hundreds digit of 5959?
9
What is the units digit of 13814?
4
What is the thousands digit of 6252?
6
What is the units digit of 75249?
9
What is the units digit of 37616?
6
What is the units digit of 1200?
0
What is the thousands digit of 60005?
0
What is the hundreds digit of 15652?
6
What is the thousands digit of 29577?
9
What is the hundreds digit of 387?
3
What is the hundreds digit of 36467?
4
What is the tens digit of 23956?
5
What is the hundreds digit of 2249?
2
What is the units digit of 39001?
1
What is the hundreds digit of 211?
2
What is the tens digit of 9509?
0
What is the units digit of 25270?
0
What is the tens digit of 16383?
8
What is the units digit of 835?
5
What is the thousands digit of 4081?
4
What is the tens digit of 3976?
7
What is the ten thousands digit of 39706?
3
What is the thousands digit of 19339?
9
What is the hundreds digit of 24604?
6
What is the ten thousands digit of 83883?
8
What is the hundreds digit of 1053?
0
What is the hundreds digit of 1367?
3
What is the hundreds digit of 582?
5
What is the units digit of 933?
3
What is the ten thousands digit of 127759?
2
What is the hundreds digit of 1478?
4
What is the thousands digit of 1836?
1
What is the units digit of 2860?
0
What is the units digit of 4268?
8
What is the ten thousands digit of 44031?
4
What is the tens digit of 634?
3
What is the thousands digit of 17189?
7
What is the thousands digit of 21776?
1
What is the thousands digit of 9608?
9
What is the tens digit of 123041?
4
What is the units digit of 4253?
3
What is the hundreds digit of 25907?
9
What is the units digit of 4084?
4
What is the units digit of 9860?
0
What is the tens digit of 99?
9
What is the units digit of 8228?
8
What is the thousands digit of 7050?
7
What is the units digit of 19?
9
What is the units digit of 80435?
5
What is the ten thousands digit of 138898?
3
What is the units digit of 1995?
5
What is the units digit of 6432?
2
What is the hundreds digit of 53987?
9
What is the tens digit of 46215?
1
What is the units digit of 3264?
4
What is the hundreds digit of 29402?
4
What is the tens digit of 45213?
1
What is the units digit of 11102?
2
What is the units digit of 1989?
9
What is the tens digit of 992?
9
What is the thousands digit of 8552?
8
What is the units digit of 3540?
0
What is the units digit of 1343?
3
What is the hundreds digit of 2005?
0
What is the hundreds digit of 584?
5
What is the units digit of 1363?
3
What is the tens digit of 29010?
1
What is the tens digit of 23183?
8
What is the tens digit of 10872?
7
What is the hundreds digit of 79033?
0
What is the tens digit of 299?
9
What is the thousands digit of 10473?
0
What is the tens digit of 275?
7
What is the hundreds digit of 50215?
2
What is the hundreds digit of 660?
6
What is the units digit of 36841?
1
What is the tens digit of 2708?
0
What is the units digit of 104789?
9
What is the units digit of 125295?
5
What is the hundreds digit of 7387?
3
What is the ten thousands digit of 11379?
1
What is the hundreds digit of 3725?
7
What is the tens digit of 9002?
0
What is the units digit of 343?
3
What is the units digit of 151?
1
What is the ten thousands digit of 48118?
4
What is the thousands digit of 2308?
2
What is the units digit of 1574?
4
What is the units digit of 10603?
3
What is the units digit of 19146?
6
What is the tens digit of 3445?
4
What is the units digit of 73?
3
What is the units digit of 97?
7
What is the tens digit of 258?
5
What is the units digit of 3750?
0
What is the units digit of 65148?
8
What is the thousands digit of 64313?
4
What is the units digit of 8?
8
What is the ten thousands digit of 16534?
1
What is the units digit of 6767?
7
What is the tens digit of 6135?
3
What is the units digit of 29?
9
What is the hundreds digit of 1821?
8
What is the hundred thousands digit of 111263?
1
What is the units digit of 72004?
4
What is the tens digit of 29175?
7
What is the units digit of 34823?
3
What is the hundreds digit of 15981?
9
What is the hundreds digit of 1655?
6
What is the tens digit of 6139?
3
What is the thousands digit of 69813?
9
What is the hundreds digit of 279?
2
What is the ten thousands digit of 33495?
3
What is the hundreds digit of 254?
2
What is the hundreds digit of 15562?
5
What is the units digit of 11833?
3
What is the units digit of 256?
6
What is the tens digit of 2263?
6
What is the units digit of 17125?
5
What is the hundreds digit of 